 prime factors of o.
2, 3, 5
Let m(o) = -o**2 + 10. Let s(i) = -i - 1. Let l(q) = -m(q) + 2*s(q). What are the prime factors of l(-5)?
23
Suppose 94*l = 8*l + 107586. List the prime factors of l.
3, 139
Suppose 0 = -10*v + 9274 + 9206. List the prime factors of v.
2, 3, 7, 11
Suppose 12 = 4*r, -1 - 18 = -2*t - 3*r. Suppose -j + 180 - 33 = -3*b, 5*j + t*b - 795 = 0. What are the prime factors of j?
2, 3, 13
Let v = 840 - 840. Let w = -462 - -828. Suppose -6*o - 60 + w = v. What are the prime factors of o?
3, 17
Let h(g) = -57*g**3 + 2*g + 1. Suppose 0 = u - 2*u - 1. Let x be h(u). What are the prime factors of (-8)/x - 702/(-14)?
2, 5
Suppose -1375 = -16*v + 833. What are the prime factors of v?
2, 3, 23
Let k(z) = z**3 - 4*z**2 + 2*z - 6. Let b be k(4). Let r = -140 + 142. What are the prime factors of 69 + (b - (-2 + r))?
71
Let b(x) = -5*x + 2. Let i be b(-1). Suppose 5*p + 252 = i*p. List the prime factors of p.
2, 3, 7
Let y = -6082 - -9057. Suppose 16*n + n = y. List the prime factors of n.
5, 7
Let l(o) = -o**2 - 5*o - 3. Let h be l(-2). Let y be (((-48)/(-3))/(-2))/(-7 - -5). Suppose y*n - 115 = -h*u + 15, -5*u = n - 41. List the prime factors of n.
31
Let d(w) = -5*w**3 + 5*w**2 - 12. Let h(n) = -4*n**3 + 6*n**2 - 13. Let v(g) = -3*d(g) + 4*h(g). What are the prime factors of v(7)?
2, 41
Suppose -s + 132 = s + 5*y, -4*s + 4*y + 264 = 0. Suppose s = 5*o - 429. What are the prime factors of o?
3, 11
Suppose 3*l - 24 = -18. Suppose 7*p - 2*p - 10 = 0. Let f = l + p. List the prime factors of f.
2
Let d = 90 + -84. Let w be (0 + 0)*(-5)/(-10). Suppose w = 2*q - d*q + 196. What are the prime factors of q?
7
Let l(n) = -70*n + 191. What are the prime factors of l(2)?
3, 17
Suppose 18 = -5*o - k, -4*k = -0*k - 8. Let z = 6 + o. What are the prime factors of z?
2
Suppose -10*r = -2*b - 7*r + 3631, 7282 = 4*b - 2*r. What are the prime factors of b?
1823
Suppose -v + 4407 = 4*m + 610, -2*m = -4*v - 1894. List the prime factors of m.
13, 73
Suppose -4*i - 5*u - 87 = 0, -5*i = -3*u + 102 - 21. Suppose 2*q + 58 = -0. Let b = i - q. List the prime factors of b.
11
Suppose 3*l = 6, 2*l + 5966 = -32*y + 37*y. What are the prime factors of y?
2, 3, 199
Suppose 67*m + 612 = 69*m. Suppose 5*c - 3*c - 3*p - m = 0, -2*p = 0. What are the prime factors of c?
3, 17
Suppose 11*s - 45430 = -44*s. List the prime factors of s.
2, 7, 59
Let y be (-20)/(-6) - 4/12. Let l be (7*-1)/(y/(-6)). Suppose 4*g - 10 = l. What are the prime factors of g?
2, 3
Suppose 0 = -13*i + 16*i - 357. Let f = i + -72. List the prime factors of f.
47
Suppose 2*t - 378 = -4*t. Suppose 3*p - t = 2*p. What are the prime factors of p?
3, 7
Let v(f) = 29 + 0*f + 2*f - f + f**2 + 0*f. Suppose -2*s - 15 = -5*c, s = 4*s + 4*c - 12. List the prime factors of v(s).
29
Let u be ((-2754)/12)/(-9)*8/6. Suppose -5*z + 154 - u = 0. What are the prime factors of z?
2, 3
Let t(x) = 54*x + 290. What are the prime factors of t(28)?
2, 17, 53
Let v = -36 - -153. What are the prime factors of v?
3, 13
Let a(g) = -23*g**3 + g**2 + 5*g + 9. What are the prime factors of a(-4)?
7, 211
What are the prime factors of -11 - (-112)/10 - (-1588)/10?
3, 53
Let o(l) = l**3 - 26*l**2 - 25*l + 72. What are the prime factors of o(28)?
2, 5, 47
Let a(n) = 2*n + 16. Let h be a(-8). Suppose 2*z + z + 4*k + 216 = h, 0 = -5*z + 4*k - 360. Let j = z + 110. List the prime factors of j.
2, 19
Suppose -1885 = 12*h - 8245. What are the prime factors of h?
2, 5, 53
Suppose -24*n + 29*n + 4*f = 6583, 6589 = 5*n + 2*f. What are the prime factors of n?
1319
Suppose 4 = v - 1. Let f(u) = u + v*u + 1 - 2*u. List the prime factors of f(4).
17
Suppose -7032 = -129*v + 123*v. What are the prime factors of v?
2, 293
Suppose 5*a - 1326 = 5309. What are the prime factors of a?
1327
Let i = -3180 + 4696. What are the prime factors of i?
2, 379
Let t(c) = -23*c + 86. List the prime factors of t(-6).
2, 7
Let i(m) = 32*m**2 + 5*m + 2. List the prime factors of i(2).
2, 5, 7
Let k(n) = -11*n**2 - 12*n + 12 - 2*n**3 - n**3 + 4*n**3. What are the prime factors of k(13)?
2, 97
Suppose 0 = 5*m - 31 - 179. Let x be 1*(2 - -1 - m). Let q = -4 - x. What are the prime factors of q?
5, 7
Let h(d) = -15*d + 3. Let c be h(-5). Suppose -c = -5*x + 77. List the prime factors of x.
31
Let i(z) be the second derivative of 17*z**3/3 - 29*z**2/2 - 24*z. What are the prime factors of i(4)?
107
Let p be (-4)/(-22) - (-714)/187. Suppose 5*a + 14 = 3*s - 0, -p*s + 7 = 5*a. Suppose 0 = -s*r + r + 24. List the prime factors of r.
2, 3
Suppose -8098 = -3*q + d - 0*d, 0 = q + d - 2706. What are the prime factors of q?
37, 73
Let v be 2/(-5) + 4626/15. Suppose -x = 3*x - v. List the prime factors of x.
7, 11
Suppose -4*g + v + 24 = 0, 5*v + 13 = -7. Let o(m) = 16*m + 8. Let j be o(g). List the prime factors of 3/(-4) + 770/j.
2
Let r = 2741 - 931. What are the prime factors of r?
2, 5, 181
Let n(i) = i**3 + 2*i**2 + 4*i. Let w = 9 + -12. Let l be n(w). Let f = l + 39. What are the prime factors of f?
2, 3
Suppose l + 17 = -j - 24, 0 = -2*l - 3*j - 81. What are the prime factors of ((-10)/(-4))/((-3)/l)?
5, 7
Let o = -43 - -49. Suppose 0 = -2*c - i + 3*i + 32, 3*i = o. What are the prime factors of c?
2, 3
Let s be ((-180)/8 + -5)*26. Let z = -498 - s. What are the prime factors of z?
7, 31
Suppose -2*j + 5*j = 3*h, -3*j = 6. Let o be (28/35)/(h/(-150)). Let c = o + -22. What are the prime factors of c?
2, 19
Let v be 28/14*(-1 - -18). Let h be (v/2)/(5/55). Suppose -3*u + h = 2*r, -2*u - 3*r + 74 = -u. List the prime factors of u.
59
Suppose -4*b = -2*l + 18, 24 = 5*l - 2*b - 45. Let i = -17 + l. What are the prime factors of i + -3 + 2 - -14?
11
Suppose 43 = -7*p + 6*p. Let u = p + 62. Suppose u + 176 = 3*x. What are the prime factors of x?
5, 13
Let s be (4 - 2) + (-16 - (-8 - -4)). Let y(c) = -10*c + 7. Let f be y(-8). What are the prime factors of f/2*s/(-15)?
29
Let a = 78 + -98. What are the prime factors of (-1 - 32/a)*35?
3, 7
Let v be 312/(-20)*20/(-3). Suppose 0 = 3*c, f - 4*c = 5*f - v. List the prime factors of f.
2, 13
Suppose -4*o - 172 = -800. Suppose -2*b + o = 3*c, -5*b = -3*c - 2*c - 380. List the prime factors of b.
7, 11
Let f = -192 - -637. List the prime factors of f.
5, 89
Suppose -11*t - 60 = -14*t. List the prime factors of t.
2, 5
Let z = -97 - -104. Suppose 4*u + 479 - 161 = 5*k, 0 = -3*k - u + 201. Suppose z*t = 8*t - k. List the prime factors of t.
2, 3, 11
Let x = 2940 + -732. List the prime factors of x.
2, 3, 23
Suppose -44*v + 9424 = -28*v. List the prime factors of v.
19, 31
Suppose 274 = u - 377. List the prime factors of u.
3, 7, 31
Suppose 4*l = -67 + 15. Let v = l + -8. Let a = v + 39. List the prime factors of a.
2, 3
Let t = 15 + -15. Suppose -4*u + 174 + 94 = t. Suppose 4*q - 17 = u. List the prime factors of q.
3, 7
Let w(t) = 595*t - 10. List the prime factors of w(1).
3, 5, 13
Let u = 29 - 25. List the prime factors of 57/2*u/6.
19
Suppose -f - x + 803 = 0, 0 = 19*f - 24*f - 3*x + 4021. List the prime factors of f.
2, 13, 31
Let z(i) be the third derivative of i**4/4 + i**3/3 + 6*i**2. Suppose -h - 3*h + 20 = 0. List the prime factors of z(h).
2
What are the prime factors of 2500/(-75)*69/(-2)?
2, 5, 23
Let w be (1 - -1) + -1*1. Let s = 1 + w. Suppose s*l - 2 = -o + 28, o + l - 26 = 0. What are the prime factors of o?
2, 11
Suppose -19 = -d + 221. Let r be (-476)/(-30) + 32/d. Let u = r + 24. List the prime factors of u.
2, 5
Let v = 364 - 514. Let p = v - -279. What are the prime factors of p?
3, 43
What are the prime factors of 5/(-20)*4 - (1 - 273)?
271
Let n be 5 - 0*1*(3 + -2). Suppose 593 = n*h - 122. What are the prime factors of h?
11, 13
Let h(l) = -235*l**3 - l**2 + 1. Let o(p) = -4*p - 89. Let c be o(-22). What are the prime factors of h(c)?
5, 47
Let z(c) = c**2. Let g be z(-2). Suppose -g*n + 48 = -16. Suppose 3*l - n = -4. What are the prime factors of l?
2
Let b(t) = t**2 - 6*t + 197. List the prime factors of b(-29).
2, 3, 101
Suppose -43*k - 2803 = -44*k. What are the prime factors of k?
2803
Let p(n) = 4*n + 15. Let h(d) = 5. Let j(a) = 2*h(a) - p(a). Suppose 0*z = z + 12. What are the prime factors of j(z)?
43
Let p(u) = -2*u - 12*u - u + u**3 + 8 + 13*u**2 - 1. What are the prime factors of p(-14)?
3, 7